734?
7
What is the units digit of 45644?
4
What is the units digit of 50?
0
What is the units digit of 1462?
2
What is the hundreds digit of 49454?
4
What is the tens digit of 8305?
0
What is the thousands digit of 26111?
6
What is the thousands digit of 3185?
3
What is the thousands digit of 36579?
6
What is the tens digit of 1093?
9
What is the hundreds digit of 9187?
1
What is the thousands digit of 7573?
7
What is the hundreds digit of 3030?
0
What is the hundreds digit of 6859?
8
What is the ten thousands digit of 17945?
1
What is the units digit of 74827?
7
What is the units digit of 3012?
2
What is the tens digit of 5422?
2
What is the units digit of 1379?
9
What is the units digit of 23919?
9
What is the hundreds digit of 553?
5
What is the tens digit of 2303?
0
What is the tens digit of 1515?
1
What is the tens digit of 3540?
4
What is the units digit of 20?
0
What is the hundreds digit of 17038?
0
What is the units digit of 7663?
3
What is the units digit of 3399?
9
What is the thousands digit of 33382?
3
What is the hundreds digit of 29013?
0
What is the tens digit of 104?
0
What is the tens digit of 767?
6
What is the hundreds digit of 33200?
2
What is the units digit of 33865?
5
What is the tens digit of 951?
5
What is the tens digit of 947?
4
What is the units digit of 2311?
1
What is the tens digit of 1024?
2
What is the thousands digit of 27293?
7
What is the ten thousands digit of 96492?
9
What is the tens digit of 30406?
0
What is the hundreds digit of 547?
5
What is the tens digit of 48?
4
What is the units digit of 3765?
5
What is the hundreds digit of 477?
4
What is the thousands digit of 1572?
1
What is the tens digit of 17291?
9
What is the hundreds digit of 95698?
6
What is the hundreds digit of 1784?
7
What is the thousands digit of 6997?
6
What is the thousands digit of 1880?
1
What is the units digit of 11860?
0
What is the ten thousands digit of 122188?
2
What is the ten thousands digit of 128864?
2
What is the units digit of 2288?
8
What is the units digit of 4426?
6
What is the tens digit of 1363?
6
What is the thousands digit of 1196?
1
What is the units digit of 113803?
3
What is the tens digit of 2658?
5
What is the tens digit of 1884?
8
What is the units digit of 440?
0
What is the units digit of 50956?
6
What is the units digit of 1269?
9
What is the tens digit of 9866?
6
What is the units digit of 20609?
9
What is the units digit of 1223?
3
What is the ten thousands digit of 100927?
0
What is the thousands digit of 4921?
4
What is the units digit of 3864?
4
What is the hundreds digit of 1223?
2
What is the units digit of 37016?
6
What is the tens digit of 126?
2
What is the tens digit of 8040?
4
What is the units digit of 2046?
6
What is the tens digit of 2440?
4
What is the thousands digit of 1306?
1
What is the ten thousands digit of 31886?
3
What is the tens digit of 346?
4
What is the tens digit of 3494?
9
What is the units digit of 5072?
2
What is the units digit of 1929?
9
What is the tens digit of 435?
3
What is the hundreds digit of 544?
5
What is the hundreds digit of 2395?
3
What is the hundreds digit of 10515?
5
What is the units digit of 29411?
1
What is the thousands digit of 3244?
3
What is the units digit of 4032?
2
What is the tens digit of 3139?
3
What is the ten thousands digit of 17801?
1
What is the tens digit of 4544?
4
What is the tens digit of 84451?
5
What is the units digit of 2176?
6
What is the tens digit of 420?
2
What is the tens digit of 2520?
2
What is the tens digit of 2058?
5
What is the units digit of 2790?
0
What is the units digit of 9948?
8
What is the units digit of 11531?
1
What is the thousands digit of 7924?
7
What is the hundreds digit of 549?
5
What is the tens digit of 153693?
9
What is the units digit of 60650?
0
What is the units digit of 302?
2
What is the hundreds digit of 1990?
9
What is the units digit of 4271?
1
What is the tens digit of 27519?
1
What is the hundreds digit of 16476?
4
What is the thousands digit of 3168?
3
What is the hundreds digit of 1086?
0
What is the hundreds digit of 89628?
6
What is the hundreds digit of 20342?
3
What is the thousands digit of 34818?
4
What is the hundreds digit of 1503?
5
What is the units digit of 721?
1
What is the thousands digit of 2069?
2
What is the units digit of 1221?
1
What is the units digit of 5387?
7
What is the hundreds digit of 489?
4
What is the hundreds digit of 92538?
5
What is the ten thousands digit of 31604?
3
What is the units digit of 916?
6
What is the thousands digit of 35127?
5
What is the tens digit of 4379?
7
What is the thousands digit of 1248?
1
What is the tens digit of 7526?
2
What is the tens digit of 6437?
3
What is the units digit of 15139?
9
What is the units digit of 2521?
1
What is the tens digit of 2842?
4
What is the units digit of 6730?
0
What is the hundreds digit of 26988?
9
What is the hundreds digit of 85857?
8
What is the tens digit of 445?
4
What is the ten thousands digit of 42419?
4
What is the thousands digit of 5646?
5
What is the units digit of 28875?
5
What is the tens digit of 20939?
3
What is the units digit of 5330?
0
What is the units digit of 118424?
4
What is the thousands digit of 8095?
8
What is the hundreds digit of 470?
4
What is the units digit of 65555?
5
What is the units digit of 128694?
4
What is the hundreds digit of 244?
2
What is the units digit of 13874?
4
What is the units digit of 2960?
0
What is the tens digit of 14328?
2
What is the units digit of 1025?
5
What is the units digit of 25091?
1
What is the tens digit of 714?
1
What is the tens digit of 4431?
3
What is the hundreds digit of 17051?
0
What is the tens digit of 3116?
1
What is the units digit of 670?
0
What is the units digit of 3168?
8
What is the units digit of 636?
6
What is the thousands digit of 2536?
2
What is the hundreds digit of 75645?
6
What is the thousands digit of 3022?
3
What is the hundreds digit of 5019?
0
What is the hundreds digit of 9592?
5
What is the ten thousands digit of 10569?
1
What is the hundreds digit of 6092?
0
What is the thousands digit of 1410?
1
What is the hundreds digit of 75312?
3
What is the hundreds digit of 4017?
0
What is the tens digit of 30245?
4
What is the units digit of 965?
5
What is the tens digit of 69761?
6
What is the tens digit of 8721?
2
What is the thousands digit of 4226?
4
What is the tens digit of 63?
6
What is the thousands digit of 1902?
1
What is the thousands digit of 10084?
0
What is the tens digit of 689?
8
What is the hundreds digit of 8130?
1
What is the hundreds digit of 16272?
2
What is the hundreds digit of 1740?
7
What is the tens digit of 99183?
8
What is the ten thousands digit of 21064?
2
What is the units digit of 8603?
3
What is the tens digit of 40896?
9
What is the thousands digit of 1569?
1
What is the tens digit of 1171?
7
What is the hundreds digit of 7242?
2
What is the units digit of 22455?
5
What is the hundreds digit of 262?
2
What is the units digit of 8926?
6
What is the hundreds digit of 10984?
9
What is the units digit of 104672?
2
What is the thousands digit of 11482?
1
What is the hundreds digit of 12000?
0
What is the tens digit of 50633?
3
What is the hundreds digit of 393?
3
What is the tens digit of 17767?
6
What is the tens digit of 8661?
6
What is the units digit of 965?
5
What is the ten thousands digit of 12247?
1
What is the units digit of 144082?
2
What is the units digit of 139?
9
What is the tens digit of 2510?
1
What is the ten thousands digit of 29322?
2
What is the ten thousands digit of 51382?
5
What is the units digit of 3794?
4
What is the thousands digit of 2356?
2
What is the ten thousands digit of 16230?
1
What is the tens digit of 52388?
8
What is the units digit of 869?
9
What is the tens digit of 630?
3
What is the tens digit of 2626?
2
What is the tens digit of 10029?
2
What is the hundreds digit of 4666?
6
What is the thousands digit of 2784?
2
What is the ten thousands digit of 68173?
6
What is the ten thousands digit of 32824?
3
What is the units digit of 41242?
2
What is the tens digit of 15700?
0
What is the thousands digit of 2098?
2
What is the tens digit of 1931?
3
What is the thousands digit of 33381?
3
What is the thousands digit of 9420?
9
What is the thousa